{"id":18466,"date":"2022-10-27T12:12:04","date_gmt":"2022-10-27T10:12:04","guid":{"rendered":"https:\/\/www.automobilia-atelier.de\/produkt\/moyeu-de-volant-momo-l-6605-opel-ascona-astra-calibra-kadett-omega\/"},"modified":"2022-10-27T12:12:04","modified_gmt":"2022-10-27T10:12:04","slug":"moyeu-de-volant-momo-l-6605-opel-ascona-astra-calibra-kadett-omega","status":"publish","type":"product","link":"https:\/\/www.automobilia-atelier.de\/fr\/produkt\/moyeu-de-volant-momo-l-6605-opel-ascona-astra-calibra-kadett-omega\/","title":{"rendered":"Moyeu de volant MOMO (L 6605) Opel Ascona \/ Astra \/ Calibra \/ Kadett \/ Omega"},"content":{"rendered":"<p><strong>MOYEUX IDENTIQUES EN STOCK \u2013 L&rsquo;\u00c9TAT DES MARCHANDISES LIVR\u00c9ES PEUT DIFF\u00c9RER DE CELUI DES PHOTOS<\/strong><\/p>\n<p><strong>Fabricant :<\/strong> MOMO<br \/>\n<strong>\u00c9tat :<\/strong> voir photos d\u00e9taill\u00e9es<br \/>\n<strong>Montage :<\/strong> moyeu n\u00b0 L 6605<\/p>\n<ul>\n<li>Opel Ascona C, CC (265, 266) jusqu&rsquo;\u00e0 l&rsquo;ann\u00e9e de fabrication. 1983<\/li>\n<li>Opel Ascona C, CC (265, 266) de 1984<\/li>\n<li>Opel Astra F-CC, caravane, cabriolet<\/li>\n<li>Opel Calibra, A, 4&#215;4<\/li>\n<li>Opel Corsa A, A-CC<\/li>\n<li>Opel Kadett D \u2013 tous types<\/li>\n<li>Opel Kadett E, CC \u2013 tous types<\/li>\n<li>Opel Omega A, Lim. Caravane <\/li>\n<li>Opel Senator B, E 478, E 478\/1<\/li>\n<li>Opel Vectra A, A-CC, AX, 4&#215;4, -2000<\/li>\n<\/ul>\n<p>&nbsp;<\/p>\n","protected":false},"excerpt":{"rendered":"<p>MOYEUX IDENTIQUES EN STOCK \u2013 L&rsquo;\u00c9TAT DES MARCHANDISES LIVR\u00c9ES PEUT DIFF\u00c9RER DE CELUI DES PHOTOS Fabricant : MOMO \u00c9tat : voir photos d\u00e9taill\u00e9es Montage : moyeu n\u00b0 L 6605 Opel Ascona C, CC (265, 266) jusqu&rsquo;\u00e0 l&rsquo;ann\u00e9e de fabrication. 1983 Opel Ascona C, CC (265, 266) de 1984 Opel Astra F-CC, caravane, cabriolet Opel Calibra, &hellip; <a href=\"https:\/\/www.automobilia-atelier.de\/fr\/produkt\/moyeu-de-volant-momo-l-6605-opel-ascona-astra-calibra-kadett-omega\/\" class=\"more-link\">Continuer \u00e0 lire <span class=\"screen-reader-text\">Moyeu de volant MOMO (L 6605) Opel Ascona \/ Astra \/ Calibra \/ Kadett \/ Omega<\/span> <span class=\"meta-nav\">\u2192<\/span><\/a><\/p>\n","protected":false},"featured_media":18467,"template":"","meta":{"inline_featured_image":false,"_monsterinsights_skip_tracking":false,"_monsterinsights_sitenote_active":false,"_monsterinsights_sitenote_note":"","_monsterinsights_sitenote_category":0},"product_brand":[],"product_cat":[253,252],"product_tag":[],"class_list":{"0":"post-18466","1":"product","2":"type-product","3":"status-publish","4":"has-post-thumbnail","6":"product_cat-momo-fr-2","7":"product_cat-moyeux-de-volant","9":"first","10":"outofstock","11":"sold-individually","12":"product-type-simple"},"yoast_head":"<!-- This site is optimized with the Yoast SEO plugin v24.7 - https:\/\/yoast.com\/wordpress\/plugins\/seo\/ -->\n<title>Moyeu de volant MOMO (L 6605) Opel Ascona \/ Astra \/ Calibra \/ Kadett \/ Omega -<\/title>\n<meta name=\"robots\" content=\"index, follow, max-snippet:-1, max-image-preview:large, max-video-preview:-1\" \/>\n<link rel=\"canonical\" href=\"https:\/\/www.automobilia-atelier.de\/fr\/produkt\/moyeu-de-volant-momo-l-6605-opel-ascona-astra-calibra-kadett-omega\/\" \/>\n<meta property=\"og:locale\" content=\"fr_FR\" \/>\n<meta property=\"og:type\" content=\"article\" \/>\n<meta property=\"og:title\" content=\"Moyeu de volant MOMO (L 6605) Opel Ascona \/ Astra \/ Calibra \/ Kadett \/ Omega -\" \/>\n<meta property=\"og:description\" content=\"MOYEUX IDENTIQUES EN STOCK \u2013 L&rsquo;\u00c9TAT DES MARCHANDISES LIVR\u00c9ES PEUT DIFF\u00c9RER DE CELUI DES PHOTOS Fabricant : MOMO \u00c9tat : voir photos d\u00e9taill\u00e9es Montage : moyeu n\u00b0 L 6605 Opel Ascona C, CC (265, 266) jusqu&rsquo;\u00e0 l&rsquo;ann\u00e9e de fabrication. 1983 Opel Ascona C, CC (265, 266) de 1984 Opel Astra F-CC, caravane, cabriolet Opel Calibra, &hellip; Continuer \u00e0 lire Moyeu de volant MOMO (L 6605) Opel Ascona \/ Astra \/ Calibra \/ Kadett \/ Omega \u2192\" \/>\n<meta property=\"og:url\" content=\"https:\/\/www.automobilia-atelier.de\/fr\/produkt\/moyeu-de-volant-momo-l-6605-opel-ascona-astra-calibra-kadett-omega\/\" \/>\n<meta property=\"og:image\" content=\"https:\/\/www.automobilia-atelier.de\/wp-content\/uploads\/2023\/10\/DSC6585-scaled.jpg\" \/>\n\t<meta property=\"og:image:width\" content=\"2400\" \/>\n\t<meta property=\"og:image:height\" content=\"1600\" \/>\n\t<meta property=\"og:image:type\" content=\"image\/jpeg\" \/>\n<meta name=\"twitter:card\" content=\"summary_large_image\" \/>\n<script type=\"application\/ld+json\" class=\"yoast-schema-graph\">{\"@context\":\"https:\/\/schema.org\",\"@graph\":[{\"@type\":\"WebPage\",\"@id\":\"https:\/\/www.automobilia-atelier.de\/fr\/produkt\/moyeu-de-volant-momo-l-6605-opel-ascona-astra-calibra-kadett-omega\/\",\"url\":\"https:\/\/www.automobilia-atelier.de\/fr\/produkt\/moyeu-de-volant-momo-l-6605-opel-ascona-astra-calibra-kadett-omega\/\",\"name\":\"Moyeu de volant MOMO (L 6605) Opel Ascona \/ Astra \/ Calibra \/ Kadett \/ Omega -\",\"isPartOf\":{\"@id\":\"https:\/\/www.automobilia-atelier.de\/fr\/#website\"},\"primaryImageOfPage\":{\"@id\":\"https:\/\/www.automobilia-atelier.de\/fr\/produkt\/moyeu-de-volant-momo-l-6605-opel-ascona-astra-calibra-kadett-omega\/#primaryimage\"},\"image\":{\"@id\":\"https:\/\/www.automobilia-atelier.de\/fr\/produkt\/moyeu-de-volant-momo-l-6605-opel-ascona-astra-calibra-kadett-omega\/#primaryimage\"},\"thumbnailUrl\":\"https:\/\/www.automobilia-atelier.de\/wp-content\/uploads\/2023\/10\/DSC6585-scaled.jpg\",\"datePublished\":\"2022-10-27T10:12:04+00:00\",\"breadcrumb\":{\"@id\":\"https:\/\/www.automobilia-atelier.de\/fr\/produkt\/moyeu-de-volant-momo-l-6605-opel-ascona-astra-calibra-kadett-omega\/#breadcrumb\"},\"inLanguage\":\"fr-FR\",\"potentialAction\":[{\"@type\":\"ReadAction\",\"target\":[\"https:\/\/www.automobilia-atelier.de\/fr\/produkt\/moyeu-de-volant-momo-l-6605-opel-ascona-astra-calibra-kadett-omega\/\"]}]},{\"@type\":\"ImageObject\",\"inLanguage\":\"fr-FR\",\"@id\":\"https:\/\/www.automobilia-atelier.de\/fr\/produkt\/moyeu-de-volant-momo-l-6605-opel-ascona-astra-calibra-kadett-omega\/#primaryimage\",\"url\":\"https:\/\/www.automobilia-atelier.de\/wp-content\/uploads\/2023\/10\/DSC6585-scaled.jpg\",\"contentUrl\":\"https:\/\/www.automobilia-atelier.de\/wp-content\/uploads\/2023\/10\/DSC6585-scaled.jpg\",\"width\":2400,\"height\":1600},{\"@type\":\"BreadcrumbList\",\"@id\":\"https:\/\/www.automobilia-atelier.de\/fr\/produkt\/moyeu-de-volant-momo-l-6605-opel-ascona-astra-calibra-kadett-omega\/#breadcrumb\",\"itemListElement\":[{\"@type\":\"ListItem\",\"position\":1,\"name\":\"Startseite\",\"item\":\"https:\/\/www.automobilia-atelier.de\/fr\/\"},{\"@type\":\"ListItem\",\"position\":2,\"name\":\"Produits\",\"item\":\"https:\/\/www.automobilia-atelier.de\/fr\/shop\/\"},{\"@type\":\"ListItem\",\"position\":3,\"name\":\"Moyeu de volant MOMO (L 6605) Opel Ascona \/ Astra \/ Calibra \/ Kadett \/ Omega\"}]},{\"@type\":\"WebSite\",\"@id\":\"https:\/\/www.automobilia-atelier.de\/fr\/#website\",\"url\":\"https:\/\/www.automobilia-atelier.de\/fr\/\",\"name\":\"\",\"description\":\"\",\"potentialAction\":[{\"@type\":\"SearchAction\",\"target\":{\"@type\":\"EntryPoint\",\"urlTemplate\":\"https:\/\/www.automobilia-atelier.de\/fr\/?s={search_term_string}\"},\"query-input\":{\"@type\":\"PropertyValueSpecification\",\"valueRequired\":true,\"valueName\":\"search_term_string\"}}],\"inLanguage\":\"fr-FR\"}]}<\/script>\n<!-- \/ Yoast SEO plugin. -->","yoast_head_json":{"title":"Moyeu de volant MOMO (L 6605) Opel Ascona \/ Astra \/ Calibra \/ Kadett \/ Omega -","robots":{"index":"index","follow":"follow","max-snippet":"max-snippet:-1","max-image-preview":"max-image-preview:large","max-video-preview":"max-video-preview:-1"},"canonical":"https:\/\/www.automobilia-atelier.de\/fr\/produkt\/moyeu-de-volant-momo-l-6605-opel-ascona-astra-calibra-kadett-omega\/","og_locale":"fr_FR","og_type":"article","og_title":"Moyeu de volant MOMO (L 6605) Opel Ascona \/ Astra \/ Calibra \/ Kadett \/ Omega -","og_description":"MOYEUX IDENTIQUES EN STOCK \u2013 L&rsquo;\u00c9TAT DES MARCHANDISES LIVR\u00c9ES PEUT DIFF\u00c9RER DE CELUI DES PHOTOS Fabricant : MOMO \u00c9tat : voir photos d\u00e9taill\u00e9es Montage : moyeu n\u00b0 L 6605 Opel Ascona C, CC (265, 266) jusqu&rsquo;\u00e0 l&rsquo;ann\u00e9e de fabrication. 1983 Opel Ascona C, CC (265, 266) de 1984 Opel Astra F-CC, caravane, cabriolet Opel Calibra, &hellip; Continuer \u00e0 lire Moyeu de volant MOMO (L 6605) Opel Ascona \/ Astra \/ Calibra \/ Kadett \/ Omega \u2192","og_url":"https:\/\/www.automobilia-atelier.de\/fr\/produkt\/moyeu-de-volant-momo-l-6605-opel-ascona-astra-calibra-kadett-omega\/","og_image":[{"width":2400,"height":1600,"url":"https:\/\/www.automobilia-atelier.de\/wp-content\/uploads\/2023\/10\/DSC6585-scaled.jpg","type":"image\/jpeg"}],"twitter_card":"summary_large_image","schema":{"@context":"https:\/\/schema.org","@graph":[{"@type":"WebPage","@id":"https:\/\/www.automobilia-atelier.de\/fr\/produkt\/moyeu-de-volant-momo-l-6605-opel-ascona-astra-calibra-kadett-omega\/","url":"https:\/\/www.automobilia-atelier.de\/fr\/produkt\/moyeu-de-volant-momo-l-6605-opel-ascona-astra-calibra-kadett-omega\/","name":"Moyeu de volant MOMO (L 6605) Opel Ascona \/ Astra \/ Calibra \/ Kadett \/ Omega -","isPartOf":{"@id":"https:\/\/www.automobilia-atelier.de\/fr\/#website"},"primaryImageOfPage":{"@id":"https:\/\/www.automobilia-atelier.de\/fr\/produkt\/moyeu-de-volant-momo-l-6605-opel-ascona-astra-calibra-kadett-omega\/#primaryimage"},"image":{"@id":"https:\/\/www.automobilia-atelier.de\/fr\/produkt\/moyeu-de-volant-momo-l-6605-opel-ascona-astra-calibra-kadett-omega\/#primaryimage"},"thumbnailUrl":"https:\/\/www.automobilia-atelier.de\/wp-content\/uploads\/2023\/10\/DSC6585-scaled.jpg","datePublished":"2022-10-27T10:12:04+00:00","breadcrumb":{"@id":"https:\/\/www.automobilia-atelier.de\/fr\/produkt\/moyeu-de-volant-momo-l-6605-opel-ascona-astra-calibra-kadett-omega\/#breadcrumb"},"inLanguage":"fr-FR","potentialAction":[{"@type":"ReadAction","target":["https:\/\/www.automobilia-atelier.de\/fr\/produkt\/moyeu-de-volant-momo-l-6605-opel-ascona-astra-calibra-kadett-omega\/"]}]},{"@type":"ImageObject","inLanguage":"fr-FR","@id":"https:\/\/www.automobilia-atelier.de\/fr\/produkt\/moyeu-de-volant-momo-l-6605-opel-ascona-astra-calibra-kadett-omega\/#primaryimage","url":"https:\/\/www.automobilia-atelier.de\/wp-content\/uploads\/2023\/10\/DSC6585-scaled.jpg","contentUrl":"https:\/\/www.automobilia-atelier.de\/wp-content\/uploads\/2023\/10\/DSC6585-scaled.jpg","width":2400,"height":1600},{"@type":"BreadcrumbList","@id":"https:\/\/www.automobilia-atelier.de\/fr\/produkt\/moyeu-de-volant-momo-l-6605-opel-ascona-astra-calibra-kadett-omega\/#breadcrumb","itemListElement":[{"@type":"ListItem","position":1,"name":"Startseite","item":"https:\/\/www.automobilia-atelier.de\/fr\/"},{"@type":"ListItem","position":2,"name":"Produits","item":"https:\/\/www.automobilia-atelier.de\/fr\/shop\/"},{"@type":"ListItem","position":3,"name":"Moyeu de volant MOMO (L 6605) Opel Ascona \/ Astra \/ Calibra \/ Kadett \/ Omega"}]},{"@type":"WebSite","@id":"https:\/\/www.automobilia-atelier.de\/fr\/#website","url":"https:\/\/www.automobilia-atelier.de\/fr\/","name":"","description":"","potentialAction":[{"@type":"SearchAction","target":{"@type":"EntryPoint","urlTemplate":"https:\/\/www.automobilia-atelier.de\/fr\/?s={search_term_string}"},"query-input":{"@type":"PropertyValueSpecification","valueRequired":true,"valueName":"search_term_string"}}],"inLanguage":"fr-FR"}]}},"jetpack_sharing_enabled":true,"_links":{"self":[{"href":"https:\/\/www.automobilia-atelier.de\/fr\/wp-json\/wp\/v2\/product\/18466","targetHints":{"allow":["GET"]}}],"collection":[{"href":"https:\/\/www.automobilia-atelier.de\/fr\/wp-json\/wp\/v2\/product"}],"about":[{"href":"https:\/\/www.automobilia-atelier.de\/fr\/wp-json\/wp\/v2\/types\/product"}],"wp:featuredmedia":[{"embeddable":true,"href":"https:\/\/www.automobilia-atelier.de\/fr\/wp-json\/wp\/v2\/media\/18467"}],"wp:attachment":[{"href":"https:\/\/www.automobilia-atelier.de\/fr\/wp-json\/wp\/v2\/media?parent=18466"}],"wp:term":[{"taxonomy":"product_brand","embeddable":true,"href":"https:\/\/www.automobilia-atelier.de\/fr\/wp-json\/wp\/v2\/product_brand?post=18466"},{"taxonomy":"product_cat","embeddable":true,"href":"https:\/\/www.automobilia-atelier.de\/fr\/wp-json\/wp\/v2\/product_cat?post=18466"},{"taxonomy":"product_tag","embeddable":true,"href":"https:\/\/www.automobilia-atelier.de\/fr\/wp-json\/wp\/v2\/product_tag?post=18466"}],"curies":[{"name":"wp","href":"https:\/\/api.w.org\/{rel}","templated":true}]}}

<p><strong>MOYEUX IDENTIQUES EN STOCK – L&rsquo;ÉTAT DES MARCHANDISES LIVRÉES PEUT DIFFÉRER DE CELUI DES PHOTOS</strong></p>
<p><strong>Fabricant :</strong> MOMO<br />
<strong>État :</strong> voir photos détaillées<br />
<strong>Montage :</strong> moyeu n° L 6605</p>
<ul>
<li>Opel Ascona C, CC (265, 266) jusqu&rsquo;à l&rsquo;année de fabrication. 1983</li>
<li>Opel Ascona C, CC (265, 266) de 1984</li>
<li>Opel Astra F-CC, caravane, cabriolet</li>
<li>Opel Calibra, A, 4&#215;4</li>
<li>Opel Corsa A, A-CC</li>
<li>Opel Kadett D – tous types</li>
<li>Opel Kadett E, CC – tous types</li>
<li>Opel Omega A, Lim. Caravane </li>
<li>Opel Senator B, E 478, E 478/1</li>
<li>Opel Vectra A, A-CC, AX, 4&#215;4, -2000</li>
</ul>
<p>&nbsp;</p>

<p>MOYEUX IDENTIQUES EN STOCK – L&rsquo;ÉTAT DES MARCHANDISES LIVRÉES PEUT DIFFÉRER DE CELUI DES PHOTOS Fabricant : MOMO État : voir photos détaillées Montage : moyeu n° L 6605 Opel Ascona C, CC (265, 266) jusqu&rsquo;à l&rsquo;année de fabrication. 1983 Opel Ascona C, CC (265, 266) de 1984 Opel Astra F-CC, caravane, cabriolet Opel Calibra, &hellip; <a href="https://www.automobilia-atelier.de/fr/produkt/moyeu-de-volant-momo-l-6605-opel-ascona-astra-calibra-kadett-omega/" class="more-link">Continuer à lire <span class="screen-reader-text">Moyeu de volant MOMO (L 6605) Opel Ascona / Astra / Calibra / Kadett / Omega</span> <span class="meta-nav">→</span></a></p>

<!-- This site is optimized with the Yoast SEO plugin v24.7 - https://yoast.com/wordpress/plugins/seo/ -->
<title>Moyeu de volant MOMO (L 6605) Opel Ascona / Astra / Calibra / Kadett / Omega -</title>
<meta name="robots" content="index, follow, max-snippet:-1, max-image-preview:large, max-video-preview:-1" />
<link rel="canonical" href="https://www.automobilia-atelier.de/fr/produkt/moyeu-de-volant-momo-l-6605-opel-ascona-astra-calibra-kadett-omega/" />
<meta property="og:locale" content="fr_FR" />
<meta property="og:type" content="article" />
<meta property="og:title" content="Moyeu de volant MOMO (L 6605) Opel Ascona / Astra / Calibra / Kadett / Omega -" />
<meta property="og:description" content="MOYEUX IDENTIQUES EN STOCK – L&rsquo;ÉTAT DES MARCHANDISES LIVRÉES PEUT DIFFÉRER DE CELUI DES PHOTOS Fabricant : MOMO État : voir photos détaillées Montage : moyeu n° L 6605 Opel Ascona C, CC (265, 266) jusqu&rsquo;à l&rsquo;année de fabrication. 1983 Opel Ascona C, CC (265, 266) de 1984 Opel Astra F-CC, caravane, cabriolet Opel Calibra, &hellip; Continuer à lire Moyeu de volant MOMO (L 6605) Opel Ascona / Astra / Calibra / Kadett / Omega →" />
<meta property="og:url" content="https://www.automobilia-atelier.de/fr/produkt/moyeu-de-volant-momo-l-6605-opel-ascona-astra-calibra-kadett-omega/" />
<meta property="og:image" content="https://www.automobilia-atelier.de/wp-content/uploads/2023/10/DSC6585-scaled.jpg" />
	<meta property="og:image:width" content="2400" />
	<meta property="og:image:height" content="1600" />
	<meta property="og:image:type" content="image/jpeg" />
<meta name="twitter:card" content="summary_large_image" />
<script type="application/ld+json" class="yoast-schema-graph">{"@context":"https://schema.org","@graph":[{"@type":"WebPage","@id":"https://www.automobilia-atelier.de/fr/produkt/moyeu-de-volant-momo-l-6605-opel-ascona-astra-calibra-kadett-omega/","url":"https://www.automobilia-atelier.de/fr/produkt/moyeu-de-volant-momo-l-6605-opel-ascona-astra-calibra-kadett-omega/","name":"Moyeu de volant MOMO (L 6605) Opel Ascona / Astra / Calibra / Kadett / Omega -","isPartOf":{"@id":"https://www.automobilia-atelier.de/fr/#website"},"primaryImageOfPage":{"@id":"https://www.automobilia-atelier.de/fr/produkt/moyeu-de-volant-momo-l-6605-opel-ascona-astra-calibra-kadett-omega/#primaryimage"},"image":{"@id":"https://www.automobilia-atelier.de/fr/produkt/moyeu-de-volant-momo-l-6605-opel-ascona-astra-calibra-kadett-omega/#primaryimage"},"thumbnailUrl":"https://www.automobilia-atelier.de/wp-content/uploads/2023/10/DSC6585-scaled.jpg","datePublished":"2022-10-27T10:12:04+00:00","breadcrumb":{"@id":"https://www.automobilia-atelier.de/fr/produkt/moyeu-de-volant-momo-l-6605-opel-ascona-astra-calibra-kadett-omega/#breadcrumb"},"inLanguage":"fr-FR","potentialAction":[{"@type":"ReadAction","target":["https://www.automobilia-atelier.de/fr/produkt/moyeu-de-volant-momo-l-6605-opel-ascona-astra-calibra-kadett-omega/"]}]},{"@type":"ImageObject","inLanguage":"fr-FR","@id":"https://www.automobilia-atelier.de/fr/produkt/moyeu-de-volant-momo-l-6605-opel-ascona-astra-calibra-kadett-omega/#primaryimage","url":"https://www.automobilia-atelier.de/wp-content/uploads/2023/10/DSC6585-scaled.jpg","contentUrl":"https://www.automobilia-atelier.de/wp-content/uploads/2023/10/DSC6585-scaled.jpg","width":2400,"height":1600},{"@type":"BreadcrumbList","@id":"https://www.automobilia-atelier.de/fr/produkt/moyeu-de-volant-momo-l-6605-opel-ascona-astra-calibra-kadett-omega/#breadcrumb","itemListElement":[{"@type":"ListItem","position":1,"name":"Startseite","item":"https://www.automobilia-atelier.de/fr/"},{"@type":"ListItem","position":2,"name":"Produits","item":"https://www.automobilia-atelier.de/fr/shop/"},{"@type":"ListItem","position":3,"name":"Moyeu de volant MOMO (L 6605) Opel Ascona / Astra / Calibra / Kadett / Omega"}]},{"@type":"WebSite","@id":"https://www.automobilia-atelier.de/fr/#website","url":"https://www.automobilia-atelier.de/fr/","name":"","description":"","potentialAction":[{"@type":"SearchAction","target":{"@type":"EntryPoint","urlTemplate":"https://www.automobilia-atelier.de/fr/?s={search_term_string}"},"query-input":{"@type":"PropertyValueSpecification","valueRequired":true,"valueName":"search_term_string"}}],"inLanguage":"fr-FR"}]}</script>
<!-- / Yoast SEO plugin. -->

MOYEUX IDENTIQUES EN STOCK – L&rsquo;ÉTAT DES MARCHANDISES LIVRÉES PEUT DIFFÉRER DE CELUI DES PHOTOS Fabricant : MOMO État : voir photos détaillées Montage : moyeu n° L 6605 Opel Ascona C, CC (265, 266) jusqu&rsquo;à l&rsquo;année de fabrication. 1983 Opel Ascona C, CC (265, 266) de 1984 Opel Astra F-CC, caravane, cabriolet Opel Calibra, &hellip; Continuer à lire Moyeu de volant MOMO (L 6605) Opel Ascona / Astra / Calibra / Kadett / Omega →
