{"id":19022,"date":"2020-10-30T13:29:04","date_gmt":"2020-10-30T12:29:04","guid":{"rendered":"https:\/\/www.automobilia-atelier.de\/produkt\/volant-personnel-bmw-1602-1800-2000-2500-2800-e3-1979\/"},"modified":"2020-10-30T13:29:04","modified_gmt":"2020-10-30T12:29:04","slug":"volant-personnel-bmw-1602-1800-2000-2500-2800-e3-1979","status":"publish","type":"product","link":"https:\/\/www.automobilia-atelier.de\/fr\/produkt\/volant-personnel-bmw-1602-1800-2000-2500-2800-e3-1979\/","title":{"rendered":"Volant PERSONNEL BMW 1602 \/ 1800 \/ 2000 \/ 2500 \/ 2800 \/ E3 1979"},"content":{"rendered":"<p><strong>Fabricant :<\/strong> PERSONAL<br \/>\n <strong>Diam\u00e8tre :<\/strong> 355 mm<br \/>\n <strong>Date de production :<\/strong> 1979<br \/>\n <strong>\u00c9tat de la jante du volant :<\/strong> voir photos d\u00e9taill\u00e9es<br \/>\n <strong>Pr\u00e9cision d&rsquo;ajustement :<\/strong> cercle de boulonnage = 6&#215;74 mm<\/p>\n<p>&nbsp;<\/p>\n","protected":false},"excerpt":{"rendered":"<p>Fabricant : PERSONAL Diam\u00e8tre : 355 mm Date de production : 1979 \u00c9tat de la jante du volant : voir photos d\u00e9taill\u00e9es Pr\u00e9cision d&rsquo;ajustement : cercle de boulonnage = 6&#215;74 mm &nbsp;<\/p>\n","protected":false},"featured_media":19024,"template":"","meta":{"inline_featured_image":false,"_monsterinsights_skip_tracking":false,"_monsterinsights_sitenote_active":false,"_monsterinsights_sitenote_note":"","_monsterinsights_sitenote_category":0},"product_brand":[],"product_cat":[244,236,237],"product_tag":[],"class_list":{"0":"post-19022","1":"product","2":"type-product","3":"status-publish","4":"has-post-thumbnail","6":"product_cat-nardi-personal-fr-2","7":"product_cat-pieces-de-vehicules-classiques","8":"product_cat-volants","10":"first","11":"outofstock","12":"sold-individually","13":"product-type-simple"},"yoast_head":"<!-- This site is optimized with the Yoast SEO plugin v24.7 - https:\/\/yoast.com\/wordpress\/plugins\/seo\/ -->\n<title>Volant PERSONNEL BMW 1602 \/ 1800 \/ 2000 \/ 2500 \/ 2800 \/ E3 1979 -<\/title>\n<meta name=\"robots\" content=\"index, follow, max-snippet:-1, max-image-preview:large, max-video-preview:-1\" \/>\n<link rel=\"canonical\" href=\"https:\/\/www.automobilia-atelier.de\/fr\/produkt\/volant-personnel-bmw-1602-1800-2000-2500-2800-e3-1979\/\" \/>\n<meta property=\"og:locale\" content=\"fr_FR\" \/>\n<meta property=\"og:type\" content=\"article\" \/>\n<meta property=\"og:title\" content=\"Volant PERSONNEL BMW 1602 \/ 1800 \/ 2000 \/ 2500 \/ 2800 \/ E3 1979 -\" \/>\n<meta property=\"og:description\" content=\"Fabricant : PERSONAL Diam\u00e8tre : 355 mm Date de production : 1979 \u00c9tat de la jante du volant : voir photos d\u00e9taill\u00e9es Pr\u00e9cision d&rsquo;ajustement : cercle de boulonnage = 6&#215;74 mm &nbsp;\" \/>\n<meta property=\"og:url\" content=\"https:\/\/www.automobilia-atelier.de\/fr\/produkt\/volant-personnel-bmw-1602-1800-2000-2500-2800-e3-1979\/\" \/>\n<meta property=\"og:image\" content=\"https:\/\/www.automobilia-atelier.de\/wp-content\/uploads\/2020\/10\/DSC1053-1-scaled.jpg\" \/>\n\t<meta property=\"og:image:width\" content=\"2400\" \/>\n\t<meta property=\"og:image:height\" content=\"1600\" \/>\n\t<meta property=\"og:image:type\" content=\"image\/jpeg\" \/>\n<meta name=\"twitter:card\" content=\"summary_large_image\" \/>\n<script type=\"application\/ld+json\" class=\"yoast-schema-graph\">{\"@context\":\"https:\/\/schema.org\",\"@graph\":[{\"@type\":\"WebPage\",\"@id\":\"https:\/\/www.automobilia-atelier.de\/fr\/produkt\/volant-personnel-bmw-1602-1800-2000-2500-2800-e3-1979\/\",\"url\":\"https:\/\/www.automobilia-atelier.de\/fr\/produkt\/volant-personnel-bmw-1602-1800-2000-2500-2800-e3-1979\/\",\"name\":\"Volant PERSONNEL BMW 1602 \/ 1800 \/ 2000 \/ 2500 \/ 2800 \/ E3 1979 -\",\"isPartOf\":{\"@id\":\"https:\/\/www.automobilia-atelier.de\/fr\/#website\"},\"primaryImageOfPage\":{\"@id\":\"https:\/\/www.automobilia-atelier.de\/fr\/produkt\/volant-personnel-bmw-1602-1800-2000-2500-2800-e3-1979\/#primaryimage\"},\"image\":{\"@id\":\"https:\/\/www.automobilia-atelier.de\/fr\/produkt\/volant-personnel-bmw-1602-1800-2000-2500-2800-e3-1979\/#primaryimage\"},\"thumbnailUrl\":\"https:\/\/www.automobilia-atelier.de\/wp-content\/uploads\/2020\/10\/DSC1053-1-scaled.jpg\",\"datePublished\":\"2020-10-30T12:29:04+00:00\",\"breadcrumb\":{\"@id\":\"https:\/\/www.automobilia-atelier.de\/fr\/produkt\/volant-personnel-bmw-1602-1800-2000-2500-2800-e3-1979\/#breadcrumb\"},\"inLanguage\":\"fr-FR\",\"potentialAction\":[{\"@type\":\"ReadAction\",\"target\":[\"https:\/\/www.automobilia-atelier.de\/fr\/produkt\/volant-personnel-bmw-1602-1800-2000-2500-2800-e3-1979\/\"]}]},{\"@type\":\"ImageObject\",\"inLanguage\":\"fr-FR\",\"@id\":\"https:\/\/www.automobilia-atelier.de\/fr\/produkt\/volant-personnel-bmw-1602-1800-2000-2500-2800-e3-1979\/#primaryimage\",\"url\":\"https:\/\/www.automobilia-atelier.de\/wp-content\/uploads\/2020\/10\/DSC1053-1-scaled.jpg\",\"contentUrl\":\"https:\/\/www.automobilia-atelier.de\/wp-content\/uploads\/2020\/10\/DSC1053-1-scaled.jpg\",\"width\":2400,\"height\":1600},{\"@type\":\"BreadcrumbList\",\"@id\":\"https:\/\/www.automobilia-atelier.de\/fr\/produkt\/volant-personnel-bmw-1602-1800-2000-2500-2800-e3-1979\/#breadcrumb\",\"itemListElement\":[{\"@type\":\"ListItem\",\"position\":1,\"name\":\"Startseite\",\"item\":\"https:\/\/www.automobilia-atelier.de\/fr\/\"},{\"@type\":\"ListItem\",\"position\":2,\"name\":\"Produits\",\"item\":\"https:\/\/www.automobilia-atelier.de\/fr\/shop\/\"},{\"@type\":\"ListItem\",\"position\":3,\"name\":\"Volant PERSONNEL BMW 1602 \/ 1800 \/ 2000 \/ 2500 \/ 2800 \/ E3 1979\"}]},{\"@type\":\"WebSite\",\"@id\":\"https:\/\/www.automobilia-atelier.de\/fr\/#website\",\"url\":\"https:\/\/www.automobilia-atelier.de\/fr\/\",\"name\":\"\",\"description\":\"\",\"potentialAction\":[{\"@type\":\"SearchAction\",\"target\":{\"@type\":\"EntryPoint\",\"urlTemplate\":\"https:\/\/www.automobilia-atelier.de\/fr\/?s={search_term_string}\"},\"query-input\":{\"@type\":\"PropertyValueSpecification\",\"valueRequired\":true,\"valueName\":\"search_term_string\"}}],\"inLanguage\":\"fr-FR\"}]}<\/script>\n<!-- \/ Yoast SEO plugin. -->","yoast_head_json":{"title":"Volant PERSONNEL BMW 1602 \/ 1800 \/ 2000 \/ 2500 \/ 2800 \/ E3 1979 -","robots":{"index":"index","follow":"follow","max-snippet":"max-snippet:-1","max-image-preview":"max-image-preview:large","max-video-preview":"max-video-preview:-1"},"canonical":"https:\/\/www.automobilia-atelier.de\/fr\/produkt\/volant-personnel-bmw-1602-1800-2000-2500-2800-e3-1979\/","og_locale":"fr_FR","og_type":"article","og_title":"Volant PERSONNEL BMW 1602 \/ 1800 \/ 2000 \/ 2500 \/ 2800 \/ E3 1979 -","og_description":"Fabricant : PERSONAL Diam\u00e8tre : 355 mm Date de production : 1979 \u00c9tat de la jante du volant : voir photos d\u00e9taill\u00e9es Pr\u00e9cision d&rsquo;ajustement : cercle de boulonnage = 6&#215;74 mm &nbsp;","og_url":"https:\/\/www.automobilia-atelier.de\/fr\/produkt\/volant-personnel-bmw-1602-1800-2000-2500-2800-e3-1979\/","og_image":[{"width":2400,"height":1600,"url":"https:\/\/www.automobilia-atelier.de\/wp-content\/uploads\/2020\/10\/DSC1053-1-scaled.jpg","type":"image\/jpeg"}],"twitter_card":"summary_large_image","schema":{"@context":"https:\/\/schema.org","@graph":[{"@type":"WebPage","@id":"https:\/\/www.automobilia-atelier.de\/fr\/produkt\/volant-personnel-bmw-1602-1800-2000-2500-2800-e3-1979\/","url":"https:\/\/www.automobilia-atelier.de\/fr\/produkt\/volant-personnel-bmw-1602-1800-2000-2500-2800-e3-1979\/","name":"Volant PERSONNEL BMW 1602 \/ 1800 \/ 2000 \/ 2500 \/ 2800 \/ E3 1979 -","isPartOf":{"@id":"https:\/\/www.automobilia-atelier.de\/fr\/#website"},"primaryImageOfPage":{"@id":"https:\/\/www.automobilia-atelier.de\/fr\/produkt\/volant-personnel-bmw-1602-1800-2000-2500-2800-e3-1979\/#primaryimage"},"image":{"@id":"https:\/\/www.automobilia-atelier.de\/fr\/produkt\/volant-personnel-bmw-1602-1800-2000-2500-2800-e3-1979\/#primaryimage"},"thumbnailUrl":"https:\/\/www.automobilia-atelier.de\/wp-content\/uploads\/2020\/10\/DSC1053-1-scaled.jpg","datePublished":"2020-10-30T12:29:04+00:00","breadcrumb":{"@id":"https:\/\/www.automobilia-atelier.de\/fr\/produkt\/volant-personnel-bmw-1602-1800-2000-2500-2800-e3-1979\/#breadcrumb"},"inLanguage":"fr-FR","potentialAction":[{"@type":"ReadAction","target":["https:\/\/www.automobilia-atelier.de\/fr\/produkt\/volant-personnel-bmw-1602-1800-2000-2500-2800-e3-1979\/"]}]},{"@type":"ImageObject","inLanguage":"fr-FR","@id":"https:\/\/www.automobilia-atelier.de\/fr\/produkt\/volant-personnel-bmw-1602-1800-2000-2500-2800-e3-1979\/#primaryimage","url":"https:\/\/www.automobilia-atelier.de\/wp-content\/uploads\/2020\/10\/DSC1053-1-scaled.jpg","contentUrl":"https:\/\/www.automobilia-atelier.de\/wp-content\/uploads\/2020\/10\/DSC1053-1-scaled.jpg","width":2400,"height":1600},{"@type":"BreadcrumbList","@id":"https:\/\/www.automobilia-atelier.de\/fr\/produkt\/volant-personnel-bmw-1602-1800-2000-2500-2800-e3-1979\/#breadcrumb","itemListElement":[{"@type":"ListItem","position":1,"name":"Startseite","item":"https:\/\/www.automobilia-atelier.de\/fr\/"},{"@type":"ListItem","position":2,"name":"Produits","item":"https:\/\/www.automobilia-atelier.de\/fr\/shop\/"},{"@type":"ListItem","position":3,"name":"Volant PERSONNEL BMW 1602 \/ 1800 \/ 2000 \/ 2500 \/ 2800 \/ E3 1979"}]},{"@type":"WebSite","@id":"https:\/\/www.automobilia-atelier.de\/fr\/#website","url":"https:\/\/www.automobilia-atelier.de\/fr\/","name":"","description":"","potentialAction":[{"@type":"SearchAction","target":{"@type":"EntryPoint","urlTemplate":"https:\/\/www.automobilia-atelier.de\/fr\/?s={search_term_string}"},"query-input":{"@type":"PropertyValueSpecification","valueRequired":true,"valueName":"search_term_string"}}],"inLanguage":"fr-FR"}]}},"jetpack_sharing_enabled":true,"_links":{"self":[{"href":"https:\/\/www.automobilia-atelier.de\/fr\/wp-json\/wp\/v2\/product\/19022","targetHints":{"allow":["GET"]}}],"collection":[{"href":"https:\/\/www.automobilia-atelier.de\/fr\/wp-json\/wp\/v2\/product"}],"about":[{"href":"https:\/\/www.automobilia-atelier.de\/fr\/wp-json\/wp\/v2\/types\/product"}],"wp:featuredmedia":[{"embeddable":true,"href":"https:\/\/www.automobilia-atelier.de\/fr\/wp-json\/wp\/v2\/media\/19024"}],"wp:attachment":[{"href":"https:\/\/www.automobilia-atelier.de\/fr\/wp-json\/wp\/v2\/media?parent=19022"}],"wp:term":[{"taxonomy":"product_brand","embeddable":true,"href":"https:\/\/www.automobilia-atelier.de\/fr\/wp-json\/wp\/v2\/product_brand?post=19022"},{"taxonomy":"product_cat","embeddable":true,"href":"https:\/\/www.automobilia-atelier.de\/fr\/wp-json\/wp\/v2\/product_cat?post=19022"},{"taxonomy":"product_tag","embeddable":true,"href":"https:\/\/www.automobilia-atelier.de\/fr\/wp-json\/wp\/v2\/product_tag?post=19022"}],"curies":[{"name":"wp","href":"https:\/\/api.w.org\/{rel}","templated":true}]}}

<p><strong>Fabricant :</strong> PERSONAL<br />
 <strong>Diamètre :</strong> 355 mm<br />
 <strong>Date de production :</strong> 1979<br />
 <strong>État de la jante du volant :</strong> voir photos détaillées<br />
 <strong>Précision d&rsquo;ajustement :</strong> cercle de boulonnage = 6&#215;74 mm</p>
<p>&nbsp;</p>

<p>Fabricant : PERSONAL Diamètre : 355 mm Date de production : 1979 État de la jante du volant : voir photos détaillées Précision d&rsquo;ajustement : cercle de boulonnage = 6&#215;74 mm &nbsp;</p>

<!-- This site is optimized with the Yoast SEO plugin v24.7 - https://yoast.com/wordpress/plugins/seo/ -->
<title>Volant PERSONNEL BMW 1602 / 1800 / 2000 / 2500 / 2800 / E3 1979 -</title>
<meta name="robots" content="index, follow, max-snippet:-1, max-image-preview:large, max-video-preview:-1" />
<link rel="canonical" href="https://www.automobilia-atelier.de/fr/produkt/volant-personnel-bmw-1602-1800-2000-2500-2800-e3-1979/" />
<meta property="og:locale" content="fr_FR" />
<meta property="og:type" content="article" />
<meta property="og:title" content="Volant PERSONNEL BMW 1602 / 1800 / 2000 / 2500 / 2800 / E3 1979 -" />
<meta property="og:description" content="Fabricant : PERSONAL Diamètre : 355 mm Date de production : 1979 État de la jante du volant : voir photos détaillées Précision d&rsquo;ajustement : cercle de boulonnage = 6&#215;74 mm &nbsp;" />
<meta property="og:url" content="https://www.automobilia-atelier.de/fr/produkt/volant-personnel-bmw-1602-1800-2000-2500-2800-e3-1979/" />
<meta property="og:image" content="https://www.automobilia-atelier.de/wp-content/uploads/2020/10/DSC1053-1-scaled.jpg" />
	<meta property="og:image:width" content="2400" />
	<meta property="og:image:height" content="1600" />
	<meta property="og:image:type" content="image/jpeg" />
<meta name="twitter:card" content="summary_large_image" />
<script type="application/ld+json" class="yoast-schema-graph">{"@context":"https://schema.org","@graph":[{"@type":"WebPage","@id":"https://www.automobilia-atelier.de/fr/produkt/volant-personnel-bmw-1602-1800-2000-2500-2800-e3-1979/","url":"https://www.automobilia-atelier.de/fr/produkt/volant-personnel-bmw-1602-1800-2000-2500-2800-e3-1979/","name":"Volant PERSONNEL BMW 1602 / 1800 / 2000 / 2500 / 2800 / E3 1979 -","isPartOf":{"@id":"https://www.automobilia-atelier.de/fr/#website"},"primaryImageOfPage":{"@id":"https://www.automobilia-atelier.de/fr/produkt/volant-personnel-bmw-1602-1800-2000-2500-2800-e3-1979/#primaryimage"},"image":{"@id":"https://www.automobilia-atelier.de/fr/produkt/volant-personnel-bmw-1602-1800-2000-2500-2800-e3-1979/#primaryimage"},"thumbnailUrl":"https://www.automobilia-atelier.de/wp-content/uploads/2020/10/DSC1053-1-scaled.jpg","datePublished":"2020-10-30T12:29:04+00:00","breadcrumb":{"@id":"https://www.automobilia-atelier.de/fr/produkt/volant-personnel-bmw-1602-1800-2000-2500-2800-e3-1979/#breadcrumb"},"inLanguage":"fr-FR","potentialAction":[{"@type":"ReadAction","target":["https://www.automobilia-atelier.de/fr/produkt/volant-personnel-bmw-1602-1800-2000-2500-2800-e3-1979/"]}]},{"@type":"ImageObject","inLanguage":"fr-FR","@id":"https://www.automobilia-atelier.de/fr/produkt/volant-personnel-bmw-1602-1800-2000-2500-2800-e3-1979/#primaryimage","url":"https://www.automobilia-atelier.de/wp-content/uploads/2020/10/DSC1053-1-scaled.jpg","contentUrl":"https://www.automobilia-atelier.de/wp-content/uploads/2020/10/DSC1053-1-scaled.jpg","width":2400,"height":1600},{"@type":"BreadcrumbList","@id":"https://www.automobilia-atelier.de/fr/produkt/volant-personnel-bmw-1602-1800-2000-2500-2800-e3-1979/#breadcrumb","itemListElement":[{"@type":"ListItem","position":1,"name":"Startseite","item":"https://www.automobilia-atelier.de/fr/"},{"@type":"ListItem","position":2,"name":"Produits","item":"https://www.automobilia-atelier.de/fr/shop/"},{"@type":"ListItem","position":3,"name":"Volant PERSONNEL BMW 1602 / 1800 / 2000 / 2500 / 2800 / E3 1979"}]},{"@type":"WebSite","@id":"https://www.automobilia-atelier.de/fr/#website","url":"https://www.automobilia-atelier.de/fr/","name":"","description":"","potentialAction":[{"@type":"SearchAction","target":{"@type":"EntryPoint","urlTemplate":"https://www.automobilia-atelier.de/fr/?s={search_term_string}"},"query-input":{"@type":"PropertyValueSpecification","valueRequired":true,"valueName":"search_term_string"}}],"inLanguage":"fr-FR"}]}</script>
<!-- / Yoast SEO plugin. -->

Fabricant : PERSONAL Diamètre : 355 mm Date de production : 1979 État de la jante du volant : voir photos détaillées Précision d&rsquo;ajustement : cercle de boulonnage = 6&#215;74 mm &nbsp;
